35.
35
What is the greatest common factor of 816 and 48?
48
What is the highest common divisor of 36 and 780?
12
What is the highest common factor of 134 and 2?
2
Calculate the highest common factor of 26802 and 18.
18
Calculate the greatest common divisor of 213 and 21.
3
Calculate the greatest common divisor of 1173 and 3588.
69
What is the greatest common factor of 102 and 162?
6
Calculate the greatest common divisor of 246 and 1599.
123
Calculate the highest common factor of 2 and 50.
2
What is the highest common divisor of 567 and 21?
21
What is the highest common factor of 9694 and 148?
74
What is the highest common factor of 209 and 11?
11
What is the greatest common factor of 596 and 40826?
298
Calculate the greatest common divisor of 26 and 351.
13
Calculate the highest common factor of 1550 and 50.
50
Calculate the highest common factor of 832 and 7904.
416
What is the greatest common divisor of 41 and 13571?
41
What is the highest common factor of 12 and 12?
12
What is the highest common factor of 32 and 14?
2
Calculate the highest common factor of 65 and 2080.
65
What is the highest common factor of 14 and 35?
7
Calculate the highest common factor of 147 and 777.
21
What is the highest common divisor of 264 and 6?
6
What is the greatest common factor of 25 and 575?
25
What is the greatest common divisor of 165 and 3195?
15
Calculate the greatest common factor of 70 and 80.
10
What is the greatest common divisor of 2976 and 8?
8
What is the greatest common factor of 56 and 13902?
14
Calculate the greatest common divisor of 9612 and 108.
108
Calculate the greatest common factor of 18 and 3222.
18
What is the greatest common factor of 17176 and 8?
8
What is the highest common factor of 136 and 17?
17
Calculate the greatest common divisor of 6 and 870.
6
What is the greatest common factor of 420 and 924?
84
What is the greatest common divisor of 37 and 74?
37
Calculate the highest common divisor of 45 and 90.
45
Calculate the highest common divisor of 84 and 12.
12
What is the highest common factor of 48 and 55?
1
What is the greatest common divisor of 28 and 14441?
7
Calculate the greatest common factor of 20 and 5860.
20
What is the highest common factor of 172 and 88?
4
What is the greatest common factor of 55 and 5665?
55
What is the greatest common factor of 224 and 32?
32
Calculate the highest common divisor of 608 and 19.
19
What is the greatest common divisor of 115 and 28980?
115
What is the greatest common factor of 11 and 48917?
11
Calculate the highest common factor of 147 and 343.
49
What is the greatest common divisor of 1442 and 14?
14
Calculate the greatest common factor of 96 and 1104.
48
What is the greatest common factor of 9704 and 8?
8
Calculate the highest common divisor of 4 and 262.
2
Calculate the highest common factor of 123 and 451.
41
What is the greatest common factor of 7192 and 116?
116
What is the greatest common factor of 85 and 15385?
85
Calculate the greatest common factor of 70 and 130.
10
What is the greatest common divisor of 78 and 117?
39
Calculate the greatest common factor of 9 and 67.
1
Calculate the greatest common factor of 160 and 610.
10
Calculate the greatest common factor of 950 and 114.
38
Calculate the greatest common divisor of 99 and 44.
11
Calculate the highest common factor of 229 and 24503.
229
Calculate the highest common divisor of 10 and 1370.
10
Calculate the highest common divisor of 495 and 1665.
45
Calculate the greatest common factor of 816 and 216.
24
What is the greatest common divisor of 8 and 216?
8
What is the greatest common divisor of 200 and 80?
40
What is the greatest common factor of 50 and 475?
25
What is the greatest common factor of 38 and 1026?
38
Calculate the greatest common divisor of 27 and 5688.
9
What is the highest common factor of 248 and 88?
8
Calculate the highest common divisor of 16126 and 55.
11
What is the highest common divisor of 26 and 104?
26
What is the highest common divisor of 4 and 2020?
4
What is the greatest common factor of 113 and 6893?
113
What is the greatest common factor of 2759 and 1157?
89
What is the highest common divisor of 7 and 37520?
7
What is the highest common factor of 1460 and 20?
20
What is the greatest common divisor of 2 and 318?
2
What is the highest common divisor of 6232 and 1064?
152
Calculate the highest common divisor of 11408 and 2576.
368
Calculate the greatest common divisor of 6 and 10.
2
Calculate the greatest common divisor of 42 and 567.
21
What is the greatest common divisor of 1940 and 1180?
20
What is the highest common divisor of 1336 and 16?
8
What is the highest common factor of 396 and 36?
36
What is the greatest common factor of 558 and 90?
18
Calculate the greatest common factor of 74 and 37.
37
What is the greatest common factor of 15 and 20?
5
Calculate the greatest common factor of 65 and 45.
5
Calculate the highest common divisor of 124 and 155.
31
What is the greatest common factor of 117 and 333?
9
Calculate the greatest common divisor of 68 and 3196.
68
Calculate the greatest common factor of 56 and 168.
56
What is the highest common divisor of 52 and 364?
52
What is the greatest common factor of 5697 and 844?
211
What is the highest common divisor of 1303 and 1?
1
Calculate the highest common divisor of 128 and 60.
4
What is the greatest common factor of 16 and 336?
16
Calculate the greatest common factor of 699 and 3.
3
Calculate the greatest common divisor of 8 and 712.
8
What is the highest common divisor of 496 and 3184?
16
What is the highest common divisor of 3 and 291?
3
What is the greatest common divisor of 56 and 32?
8
Calculate the highest common factor of 8 and 72.
8
What is the highest common factor of 2580 and 60?
60
Calculate the greatest common divisor of 3810 and 6.
6
What is the highest common divisor of 902 and 205?
41
Calculate the highest common divisor of 7386 and 6.
6
What is the greatest common factor of 700 and 224?
28
Calculate the highest common divisor of 504 and 288.
72
What is the greatest common factor of 20 and 15?
5
Calculate the highest common divisor of 103 and 2781.
103
Calculate the highest common factor of 10990 and 7.
7
Calculate the highest common divisor of 53 and 6466.
53
Calculate the greatest common divisor of 679 and 7.
7
Calculate the greatest common divisor of 2366 and 238.
14
Calculate the highest common divisor of 324 and 804.
12
What is the greatest common factor of 40 and 1360?
40
Calculate the highest common factor of 11 and 473.
11
Calculate the highest common factor of 72 and 900.
36
Calculate the highest common divisor of 1044 and 198.
18
Calculate the greatest common factor of 2368 and 518.
74
What is the highest common factor of 2359 and 28?
7
Calculate the highest common factor of 224 and 504.
56
Calculate the greatest common factor of 630 and 658.
14
Calculate the greatest common divisor of 468 and 3.
3
What is the highest common divisor of 29 and 1?
1
Calculate the highest common factor of 822 and 6.
6
Calculate the greatest common factor of 43942 and 254.
254
What is the greatest common factor of 435 and 15?
15
Calculate the highest common factor of 224 and 7.
7
Calculate the greatest common divisor of 180 and 3285.
45
Calculate the highest common divisor of 137 and 2329.
137
What is the highest common factor of 30 and 6?
6
What is the greatest common divisor of 1357 and 413?
59
What is the highest common factor of 30 and 3210?
30
What is the greatest common divisor of 392 and 952?
56
What is the greatest common factor of 14 and 110?
2
Calculate the greatest common divisor of 736 and 4922.
46
Calculate the greatest common divisor of 242 and 638.
22
What is the greatest common factor of 12 and 375?
3
What is the highest common factor of 1496 and 88?
88
What is the greatest common divisor of 1584 and 208?
16
Calculate the greatest common divisor of 597 and 48.
3
Calculate the highest common divisor of 128 and 196.
4
What is the highest common divisor of 30 and 3830?
10
What is the highest common factor of 15 and 60?
15
Calculate the greatest common factor of 46 and 92.
46
What is the highest common factor of 559 and 260?
13
Calculate the greatest common divisor of 9146 and 136.
34
Calculate the greatest common factor of 47